7
Let n = -32800 - -37458. What is the units digit of n?
8
Let v(b) = 29*b**2 - 92*b + 1. Let o be v(-4). Let g = o - 303. What is the units digit of g?
0
Let v be (-54)/(-126) - 11/(-7). What is the units digit of 233/v*(-69 - -77)?
2
Suppose 14 = 3*m + 2*j, -5*j + 20 = -0*j. Let f(z) = 16*z**2 - 3*z**2 - m*z + 2 + 11*z - z**3 + 2*z**3. What is the hundreds digit of f(-10)?
2
Suppose -1758 = -2*o + 2*w, -5*o - 5*w - 635 = -4980. Suppose 13*q - o = -6*q. What is the units digit of q?
6
Suppose 5*q = 21*q + 432. Let i be q/(-36) + 3/(-4). Suppose -y + 22 = 5*c - 24, -y - c + 58 = i. What is the units digit of y?
1
Suppose 7*l = 25 - 200. Let z = l - -154. What is the tens digit of z?
2
Suppose 3*q - 6 = -p + 10, 2*p = 8. Let u be -8*(q + 3)*-2. Suppose 0 = 5*b, -c + u = -b + 3*b. What is the tens digit of c?
1
Let c be 8 + (-12)/(-3) - -1. Suppose -62*r + c*r = -59535. What is the tens digit of r?
1
Let k be (63/102 - (-4)/(-34))*18. Suppose 5*h = k*h - 8. Suppose 0 = 2*r + 2*y + 2*y - 130, 3*y = -h*r + 126. What is the tens digit of r?
5
Suppose 2*g = -y + g - 96, -y = -5*g + 72. Let n = -90 - y. Suppose -5*b + f = -570, -4*b - 5*f + 437 = -n*f. What is the units digit of b?
3
Suppose -5*r + 5*q + 21336 = 2056, 4*q = 5*r - 19274. What is the tens digit of r?
5
Let i be (-1*1/5)/(3830/(-1275) + 3). Let u(t) = 16*t - 9. Let p be u(6). Let y = i + p. What is the units digit of y?
8
Suppose 21*f = -367 - 326. Let i be (122/(-3))/(6/(-9)). Let k = i + f. What is the tens digit of k?
2
Let z(i) = i**2 + 2*i + 786. Let u be z(0). Suppose 1396 = 3*x + 4*d, 2*x - 3*d = 156 + u. What is the tens digit of x?
6
Let x(q) = -7*q + 6. Let u = 7 - 17. Let c be x(u). Suppose -13 = -4*i + 5*t + 56, -4*t = 5*i - c. What is the tens digit of i?
1
Let k(b) = 104*b**2 + 19*b + 4. What is the ten thousands digit of k(10)?
1
Suppose -26*f + 151027 = 26071. What is the thousands digit of f?
4
Let d(z) = z**3 - 10*z**2 + 4*z + 11. Let h be d(7). What is the hundreds digit of (-19416)/h - (-1)/((-9)/(-2))?
1
Suppose 0 = 8*i + 9 - 33. What is the units digit of 430 + (i/1 - (6 - 4))?
1
Let u(b) = -4*b**2 + 36*b - 27. Let p be u(9). What is the units digit of 5114/6 - 18/p?
3
Let d(n) = n**3 - 17*n**2 - 31*n - 16. Let u(a) = 8*a - 277. Let s be u(37). What is the units digit of d(s)?
7
Let z be 2 - (1 + (-1956)/6). Suppose 2*m + 0*u = 2*u + 156, u - z = -4*m. What is the units digit of m?
1
Let p = -102 - -218. Suppose 0 = 6*n + 3*n + 846. Let z = n + p. What is the tens digit of z?
2
Suppose -3*v - 4*g + 69 = 0, 2*g + 51 = 3*v - 36. Suppose -v = -k + 17. Suppose -k + 32 = -x. What is the tens digit of x?
1
Suppose 308 + 664 = -12*u. Let k = u + 571. What is the hundreds digit of k?
4
Suppose z + u - 11 = 8, -4*u - 100 = -4*z. Let f(w) = 42*w + 197. What is the thousands digit of f(z)?
1
Let o be 4 - (-877)/3 - 4/12. Let g = 794 - o. What is the hundreds digit of g?
4
Let g be (-1)/(-3)*(-17 + 68). Let j(o) = 5*o + 7. Let s be j(g). What is the tens digit of 3 + s/(-28) - 2188/(-14)?
5
Let u(n) = -7*n**2 - 126*n - 2. Let z be u(-18). Let f(j) = -350*j + 93. What is the hundreds digit of f(z)?
7
What is the hundreds digit of (1 + -3)/(2/(-4)) + 4008 + 158?
1
Let f = -430 + 685. Suppose f = -2*a + 7*a - 4*u, 260 = 5*a - 3*u. What is the units digit of a?
5
Let p(z) be the first derivative of z**4/4 + z**3/3 + 3*z - 5. Let o be p(0). Suppose 5*c + o*c - 264 = 0. What is the units digit of c?
3
Let i = 40 + -34. Suppose -1763 = i*b - 5243. What is the units digit of b?
0
Suppose 8*t + 4*j + 177509 = 13*t, 0 = -4*t + 3*j + 142007. What is the tens digit of t?
0
Let s(j) = 4*j - 17. Let f be s(6). Suppose f*d - 16 = 3*d. What is the hundreds digit of d/22 + (-48773)/(-187)?
2
Let w be (-9806)/(-8) + 2 + (-23)/(-92). Let f = w + -467. What is the hundreds digit of f?
7
Let k = 62938 - 31379. What is the tens digit of k?
5
Suppose 2335 = -10*f + 7435. Suppose 29*v - 8949 = -f. What is the units digit of v?
1
Let n(x) = 7*x + 28 - 6 - 1 - 8*x. Let o be n(12). What is the units digit of (-11 + o)/((-2)/30)?
0
Suppose -5*r = -7*r + 2*m + 794, -8 = -4*m. Let g = -80 + r. What is the units digit of g?
9
Suppose 0 = -2*d + 3*d - 16091. Suppose 0 = 30*v + 4511 - d. What is the hundreds digit of v?
3
Suppose -199*z = -245*z + 194902. What is the tens digit of z?
3
Suppose -5*g - 7145 = -x, 100*g = 3*x + 97*g - 21399. What is the hundreds digit of x?
1
Let d(r) = -10*r + 51. Let w(n) = 1. Let z(h) = -d(h) - 6*w(h). Suppose 0 = 4*p - 387 + 331. What is the units digit of z(p)?
3
What is the units digit of 48/(-56) - 468150/(-70)?
7
Suppose 185*x = 190*x - 2365. Let g = 313 + x. What is the units digit of g?
6
Let g = 2676 + 1224. What is the units digit of g?
0
What is the ten thousands digit of 1 + 12032 - (-4 + 1)/(195/260)?
1
Let q(i) = 3*i**2 + 28*i + 18. Let m = 537 - 548. What is the tens digit of q(m)?
7
Let p(z) = -9*z - 8. Let l be p(-9). Let x = l - 71. Suppose -v - x*v = -4*d + 529, -3*d + 2*v = -396. What is the tens digit of d?
3
What is the units digit of 169*40959/246*2/3?
9
Let k = 8908 + -5792. Suppose m = 4*m - 15, 0 = 2*w - 4*m - k. What is the thousands digit of w?
1
Suppose 4*i + 3353 + 1443 = 0. Let v = -759 - i. What is the tens digit of v?
4
Let h = 78 + -156. Suppose -426 = -2*q + 2*i, 214*i = 5*q + 210*i - 1064. Let g = h + q. What is the hundreds digit of g?
1
Suppose 0 = -14*t + 18*t + 28. Let u be 72/(-252) + ((-233)/t - 1). Let p = 56 - u. What is the units digit of p?
4
Let p(h) = 8150*h - 1191. What is the tens digit of p(6)?
0
Suppose 8 + 2 = t - 4*y, 0 = 2*t + 2*y. Suppose -4*z - z + 14 = -2*a, 0 = -t*z + a + 6. Let o(u) = 13*u - 1. What is the units digit of o(z)?
5
Let h be -51*(1 + (-8)/6). Let c(w) = -2*w**3 + 14*w**2 + 16*w + 13. Let y be c(8). Suppose -h*l = -y*l - 84. What is the tens digit of l?
2
Suppose 3*b - 27 = -3*t, 4*t + 4*b - 7*b - 36 = 0. Let s(x) = 17*x**2 - 68*x + 3. What is the hundreds digit of s(t)?
7
Let z = -18972 - -26855. What is the tens digit of z?
8
Let r(s) = s**3 + 3*s**2 + 58*s + 60. What is the hundreds digit of r(10)?
9
Suppose -3*m + 28171 = 2*w, 2*m - 2834 = -w + 11253. What is the ten thousands digit of w?
1
Let c = 57 - 52. Let u be (-1 - 552/c) + (-6)/(-15). Let a = u + 348. What is the units digit of a?
7
Let i(h) = -29*h + 4. Let z be i(5). Let f = z - -156. What is the units digit of f?
5
Let c = 28 + -42. Let w = c + 16. Suppose w*m - x - 53 = 104, -5*x = -15. What is the units digit of m?
0
Let i = 568 + 2535. What is the tens digit of i?
0
Let r be 2 + (-9590 + 2)/(-3). Suppose r + 7540 = 14*s. What is the units digit of s?
7
Let h = 4 - 7. Let v be 4/(h/6*-4)*4. What is the tens digit of (-2)/v*0 - (-46 + 2)?
4
Suppose -51*d + 283 = -50*d. What is the hundreds digit of 5 + d + (-8)/(-4)?
2
Suppose -o - 4*o + 365 = -3*f, -3*o + f = -215. Suppose -42 = -7*l + o. What is the hundreds digit of (l/5)/((-3)/(-135))?
1
Suppose 0 = 2*r - 5*w - 12070, -170*r + 173*r = -3*w + 18084. What is the hundreds digit of r?
0
Suppose -20 = -6*c + c. Suppose 0 = -10*o + 5*o + 10, 4*o = -2*i + c. What is the hundreds digit of ((-151)/(-5) - 1)/(i/(-10))?
1
Let c(x) = -21*x + 215. Let i be c(11). Let z be (4/(-3))/(7/5418). What is the tens digit of (z/i)/(2/4)?
2
Let p(z) = -237*z - 168. What is the units digit of p(-6)?
4
Suppose -14*v + 22*v = 0. Suppose v = 73*x - 75*x + 1252. What is the units digit of x?
6
Let a = 381 + 448. Suppose 3*z = -4*d - a, 5*d + 828 = -3*z + 2*d. Let r = -195 - z. What is the units digit of r?
0
Let i(t) be the second derivative of t**5/10 - t**4 - 9*t**3/2 + 13*t**2 + 2*t - 50. What is the hundreds digit of i(10)?
5
Let q = -110 - -29. Let z = q - -84. Suppose z*c - 9*c = -558. What is the tens digit of c?
9
Suppose -325*s + 33*s - 2*s = -12373872. What is the tens digit of s?
8
Let f be (1*(1 + 0))/((-82)/(-1886)). Suppose -10*s = f*s - 9702. What is the hundreds digit of s?
2
Suppose 4*m + 515 = -837. Let n = m - -600. Suppose -389 = -3*c - g, -2*c - g = -3*g - n. What is the units digit of c?
0
Let r(z) = 77*z**2 - 70*z + 7. What is the thousands digit of r(11)?
8
Suppose 4*c - 9*b = 10*b - 20*b + 77200, 0 = 2*b. What is the units digit of c?
0
Let r(k) be the third derivative of -25*k**4/24 